{"id":36387,"date":"2024-02-23T11:00:22","date_gmt":"2024-02-23T09:00:22","guid":{"rendered":"https:\/\/www.masterveil-eu.com\/air-curtains\/compact-330-lufttaeppe-industrielle-doere\/"},"modified":"2026-04-11T19:45:55","modified_gmt":"2026-04-11T17:45:55","slug":"compact-330-lufttaeppe-industrielle-doere","status":"publish","type":"product","link":"https:\/\/www.masterveil-eu.com\/da\/lufttaepper\/compact-330-lufttaeppe-industrielle-doere\/","title":{"rendered":"COMPACT 330 luftt\u00e6ppe &#8211; Industrielle d\u00f8re"},"content":{"rendered":"<h2 class='g-block g-heading'>Compact 330 luftt\u00e6ppe &#8211; Produktinformation<\/h2>\n\n<h3 class='g-block g-heading'>Oplev optimal klimakontrol med det h\u00f8jtydende COMPACT 330 opvarmede horisontale luftt\u00e6ppe<\/h3>\n\n\n<p>V\u00e6lg luftt\u00e6ppet COMPACT 330 for at f\u00e5 et opvarmet horisontalt luftt\u00e6ppe, der kombinerer elegant \u00e6stetik med h\u00f8j ydeevne. Kontakt os i dag for at unders\u00f8ge, hvordan dette luftt\u00e6ppe kan skr\u00e6ddersys til at opfylde dine specifikke behov og sikre optimal klimakontrol og energieffektivitet. <\/p>\n\n\n<h3 class='g-block g-heading'>Luftt\u00e6ppets vigtigste funktioner<\/h3>\n\n\n<ul class=\"wp-block-list\">\n<li>Effektiv beskyttelse mod kuldetr\u00e6k.<\/li>\n\n\n\n<li>Justerbar dyse til tilpasset kontrol af luftstr\u00f8mmen.<\/li>\n\n\n\n<li>Knivstr\u00e5leteknologi til effektiv styring af luftstr\u00f8mmen.<\/li>\n\n\n\n<li>Fleksibel gardinl\u00e6ngde mellem 1200 og 3000 mm.<\/li>\n\n\n\n<li>Passer til d\u00f8rh\u00f8jder p\u00e5 op til ca. 3 meter.<\/li>\n\n\n\n<li>F\u00e5s i alle RAL-farver eller i rustfrit st\u00e5l.<\/li>\n<\/ul>\n\n\n<h3 class='g-block g-heading'>Compact 330 luftt\u00e6ppe &#8211; Tekniske data<\/h3>\n\n\n<figure class=\"wp-block-table\"><table><thead><tr><th><\/th><th><strong>Kompakt 330-2.<\/strong>14<\/th><th><strong>Kompakt 330-3<\/strong>.14<\/th><th><strong>Kompakt 330-4.<\/strong>14<\/th><th>Kompakt 330-5.14<\/th><th><strong>Kompakt 330-6<\/strong>.14<\/th><\/tr><\/thead><tbody><tr><td><strong>Type af installation<\/strong><\/td><td>Vandret<br>luftt\u00e6ppe<\/td><td>Vandret<br>luftt\u00e6ppe<\/td><td>Vandret<br>luftt\u00e6ppe<\/td><td>Vandret<br>luftt\u00e6ppe<\/td><td>Vandret<br>luftt\u00e6ppe<\/td><\/tr><tr><td><strong>Maks. h\u00f8jde<\/strong> (*)<\/td><td>3 meter<\/td><td>3 meter<\/td><td>3 meter<\/td><td>3 meter<\/td><td>3 meter<\/td><\/tr><tr><td><strong>Standardfarve<\/strong><\/td><td>RAL 9010<\/td><td>RAL 9010<\/td><td>RAL 9010<\/td><td>RAL 9010<\/td><td>RAL 9010<\/td><\/tr><tr><td><strong>L\u00e6ngde<\/strong> OL-luftforh\u00e6ng (**)<\/td><td>D\u00f8rbredde + ca. 100 mm <\/td><td>D\u00f8rbredde + ca. 100 mm <\/td><td>D\u00f8rbredde + ca. 100 mm <\/td><td>D\u00f8rbredde + ca. 100 mm <\/td><td>D\u00f8rbredde + ca. 100 mm <\/td><\/tr><tr><td><strong>L\u00e6ngde<\/strong><\/td><td>1200-1300mm<\/td><td>1400-1700mm<\/td><td>1800-2300mm<\/td><td>2400-2650mm<\/td><td>2750-3000mm<\/td><\/tr><tr><td><strong>H\u00f8jde<\/strong><\/td><td>330mm<\/td><td>330mm<\/td><td>330mm<\/td><td>330mm<\/td><td>330mm<\/td><\/tr><tr><td><strong>Dybde<\/strong><\/td><td>430mm<\/td><td>430mm<\/td><td>430mm<\/td><td>430mm<\/td><td>430mm<\/td><\/tr><tr><td><strong>Luftstr\u00f8m<\/strong><\/td><td>1300 m\u00b3\/t<\/td><td>1950 m\u00b3\/t<\/td><td>2500 m\u00b3\/t<\/td><td>3000 m\u00b3\/t<\/td><td>3600 m\u00b3\/t<\/td><\/tr><tr><td><strong>Sp\u00e6nding V<\/strong><\/td><td>230<\/td><td>230<\/td><td>230<\/td><td>230<\/td><td>230<\/td><\/tr><tr><td><strong>Effekt motor kW<\/strong><\/td><td>0,292<\/td><td>0,438<\/td><td>0,584<\/td><td>0,730<\/td><td>0,876<\/td><\/tr><tr><td><strong>Motorstr\u00f8m A<\/strong><\/td><td>2,28<\/td><td>3,42<\/td><td>4,56<\/td><td>5,7<\/td><td>6,84<\/td><\/tr><tr><td><strong>Frekvens Hz<\/strong><\/td><td>50<\/td><td>50<\/td><td>50<\/td><td>50<\/td><td>50<\/td><\/tr><tr><td><strong>IP<\/strong><\/td><td>40<\/td><td>40<\/td><td>40<\/td><td>40<\/td><td>40<\/td><\/tr><\/tbody><tfoot><tr><td><\/td><td><\/td><td><\/td><td><\/td><td><\/td><td><\/td><\/tr><\/tfoot><\/table><figcaption class=\"wp-element-caption\">(*) D\u00f8rens mulige h\u00f8jde afh\u00e6nger af dens bredde.<br>(**) Vandret luftt\u00e6ppe = <strong>OL<\/strong> og dobbelt st\u00e5ende luftt\u00e6ppe = <strong>DS<\/strong><\/figcaption><\/figure>\n","protected":false},"excerpt":{"rendered":"Et h\u00f8jtydende, elegant luftt\u00e6ppe, der er perfekt til effektiv klimakontrol og energieffektivitet.","protected":false},"featured_media":36390,"menu_order":0,"template":"","meta":{"_acf_changed":false,"_seopress_robots_primary_cat":"none","_seopress_titles_title":"COMPACT 330 luftt\u00e6ppe til industriporte","_seopress_titles_desc":"Et h\u00f8jtydende, elegant luftt\u00e6ppe fra Masterveil, perfekt til effektiv klimakontrol og energieffektivitet.","_seopress_robots_index":"","_relevanssi_hide_post":"","_relevanssi_hide_content":"","_relevanssi_pin_for_all":"","_relevanssi_pin_keywords":"","_relevanssi_unpin_keywords":"","_relevanssi_related_keywords":"","_relevanssi_related_include_ids":"","_relevanssi_related_exclude_ids":"","_relevanssi_related_no_append":"","_relevanssi_related_not_related":"","_relevanssi_related_posts":"","_relevanssi_noindex_reason":"","footnotes":""},"product_category":[311,306],"class_list":["post-36387","product","type-product","status-publish","has-post-thumbnail","hentry","product_category-compact-330-lufttaepper","product_category-logistik-og-industriporte"],"acf":[],"_links":{"self":[{"href":"https:\/\/www.masterveil-eu.com\/da\/wp-json\/wp\/v2\/product\/36387","targetHints":{"allow":["GET"]}}],"collection":[{"href":"https:\/\/www.masterveil-eu.com\/da\/wp-json\/wp\/v2\/product"}],"about":[{"href":"https:\/\/www.masterveil-eu.com\/da\/wp-json\/wp\/v2\/types\/product"}],"version-history":[{"count":5,"href":"https:\/\/www.masterveil-eu.com\/da\/wp-json\/wp\/v2\/product\/36387\/revisions"}],"predecessor-version":[{"id":63451,"href":"https:\/\/www.masterveil-eu.com\/da\/wp-json\/wp\/v2\/product\/36387\/revisions\/63451"}],"wp:featuredmedia":[{"embeddable":true,"href":"https:\/\/www.masterveil-eu.com\/da\/wp-json\/wp\/v2\/media\/36390"}],"wp:attachment":[{"href":"https:\/\/www.masterveil-eu.com\/da\/wp-json\/wp\/v2\/media?parent=36387"}],"wp:term":[{"taxonomy":"product_category","embeddable":true,"href":"https:\/\/www.masterveil-eu.com\/da\/wp-json\/wp\/v2\/product_category?post=36387"}],"curies":[{"name":"wp","href":"https:\/\/api.w.org\/{rel}","templated":true}]}}

COMPACT 330 lufttæppe &#8211; Industrielle døre

<h2 class='g-block g-heading'>Compact 330 lufttæppe &#8211; Produktinformation</h2>

<h3 class='g-block g-heading'>Oplev optimal klimakontrol med det højtydende COMPACT 330 opvarmede horisontale lufttæppe</h3>


<p>Vælg lufttæppet COMPACT 330 for at få et opvarmet horisontalt lufttæppe, der kombinerer elegant æstetik med høj ydeevne. Kontakt os i dag for at undersøge, hvordan dette lufttæppe kan skræddersys til at opfylde dine specifikke behov og sikre optimal klimakontrol og energieffektivitet. </p>


<h3 class='g-block g-heading'>Lufttæppets vigtigste funktioner</h3>


<ul class="wp-block-list">
<li>Effektiv beskyttelse mod kuldetræk.</li>



<li>Justerbar dyse til tilpasset kontrol af luftstrømmen.</li>



<li>Knivstråleteknologi til effektiv styring af luftstrømmen.</li>



<li>Fleksibel gardinlængde mellem 1200 og 3000 mm.</li>



<li>Passer til dørhøjder på op til ca. 3 meter.</li>



<li>Fås i alle RAL-farver eller i rustfrit stål.</li>
</ul>


<h3 class='g-block g-heading'>Compact 330 lufttæppe &#8211; Tekniske data</h3>


<figure class="wp-block-table"><table><thead><tr><th></th><th><strong>Kompakt 330-2.</strong>14</th><th><strong>Kompakt 330-3</strong>.14</th><th><strong>Kompakt 330-4.</strong>14</th><th>Kompakt 330-5.14</th><th><strong>Kompakt 330-6</strong>.14</th></tr></thead><tbody><tr><td><strong>Type af installation</strong></td><td>Vandret<br>lufttæppe</td><td>Vandret<br>lufttæppe</td><td>Vandret<br>lufttæppe</td><td>Vandret<br>lufttæppe</td><td>Vandret<br>lufttæppe</td></tr><tr><td><strong>Maks. højde</strong> (*)</td><td>3 meter</td><td>3 meter</td><td>3 meter</td><td>3 meter</td><td>3 meter</td></tr><tr><td><strong>Standardfarve</strong></td><td>RAL 9010</td><td>RAL 9010</td><td>RAL 9010</td><td>RAL 9010</td><td>RAL 9010</td></tr><tr><td><strong>Længde</strong> OL-luftforhæng (**)</td><td>Dørbredde + ca. 100 mm </td><td>Dørbredde + ca. 100 mm </td><td>Dørbredde + ca. 100 mm </td><td>Dørbredde + ca. 100 mm </td><td>Dørbredde + ca. 100 mm </td></tr><tr><td><strong>Længde</strong></td><td>1200-1300mm</td><td>1400-1700mm</td><td>1800-2300mm</td><td>2400-2650mm</td><td>2750-3000mm</td></tr><tr><td><strong>Højde</strong></td><td>330mm</td><td>330mm</td><td>330mm</td><td>330mm</td><td>330mm</td></tr><tr><td><strong>Dybde</strong></td><td>430mm</td><td>430mm</td><td>430mm</td><td>430mm</td><td>430mm</td></tr><tr><td><strong>Luftstrøm</strong></td><td>1300 m³/t</td><td>1950 m³/t</td><td>2500 m³/t</td><td>3000 m³/t</td><td>3600 m³/t</td></tr><tr><td><strong>Spænding V</strong></td><td>230</td><td>230</td><td>230</td><td>230</td><td>230</td></tr><tr><td><strong>Effekt motor kW</strong></td><td>0,292</td><td>0,438</td><td>0,584</td><td>0,730</td><td>0,876</td></tr><tr><td><strong>Motorstrøm A</strong></td><td>2,28</td><td>3,42</td><td>4,56</td><td>5,7</td><td>6,84</td></tr><tr><td><strong>Frekvens Hz</strong></td><td>50</td><td>50</td><td>50</td><td>50</td><td>50</td></tr><tr><td><strong>IP</strong></td><td>40</td><td>40</td><td>40</td><td>40</td><td>40</td></tr></tbody><tfoot><tr><td></td><td></td><td></td><td></td><td></td><td></td></tr></tfoot></table><figcaption class="wp-element-caption">(*) Dørens mulige højde afhænger af dens bredde.<br>(**) Vandret lufttæppe = <strong>OL</strong> og dobbelt stående lufttæppe = <strong>DS</strong></figcaption></figure>

Et højtydende, elegant lufttæppe, der er perfekt til effektiv klimakontrol og energieffektivitet.

COMPACT 330 lufttæppe til industriporte

Et højtydende, elegant lufttæppe fra Masterveil, perfekt til effektiv klimakontrol og energieffektivitet.
