{"id":15862,"date":"2024-03-05T09:20:59","date_gmt":"2024-03-05T07:20:59","guid":{"rendered":"https:\/\/www.masterveil-eu.com\/accessory\/erx-wm-fm2\/"},"modified":"2025-01-21T16:05:06","modified_gmt":"2025-01-21T14:05:06","slug":"erx-wm-fm2","status":"publish","type":"accessory","link":"https:\/\/www.masterveil-eu.com\/fr\/accessoire\/erx-wm-fm2\/","title":{"rendered":"ERX-WM-FM2"},"content":{"rendered":"<h3 class='g-block g-heading'>Caract\u00e9ristiques principales<\/h3>\n\n\n<ul class=\"wp-block-list\">\n<li><strong>R\u00e9glage progressif :<\/strong> permet d&#8217;ajuster en continu les vitesses \u00e9l\u00e9v\u00e9es et basses.<\/li>\n\n\n\n<li><strong>D\u00e9marrage automatique de la grande vitesse :<\/strong> la grande vitesse est activ\u00e9e par un signal du contact de porte lorsque la porte s&#8217;ouvre.<\/li>\n\n\n\n<li><strong>Contr\u00f4le de la temp\u00e9rature :<\/strong> utilise un capteur de temp\u00e9rature ext\u00e9rieure pour r\u00e9guler la vitesse \u00e9lev\u00e9e.<\/li>\n\n\n\n<li><strong>Capteurs de temp\u00e9rature :<\/strong> comprend des capteurs de temp\u00e9rature int\u00e9rieure pour la chaleur d&#8217;entretien lorsque la porte est ferm\u00e9e.<\/li>\n\n\n\n<li><strong>Temp\u00e9ratures individuelles de jour et de nuit :<\/strong> permet de r\u00e9gler les temp\u00e9ratures individuelles de jour et de nuit.<\/li>\n\n\n\n<li><strong>D\u00e9lais<\/strong> <strong>:<\/strong> propose des d\u00e9lais pour les vitesses \u00e9lev\u00e9es et basses.<\/li>\n\n\n\n<li><strong>Mesure et contr\u00f4le de la temp\u00e9rature de l&#8217;eau : <\/strong>permet de mesurer la temp\u00e9rature de l&#8217;eau et de contr\u00f4ler la temp\u00e9rature de l&#8217;eau de retour lors de l&#8217;utilisation d&#8217;une vanne modulante.<\/li>\n\n\n\n<li><strong>Point de consigne de la temp\u00e9rature du canal : <\/strong>r\u00e9glable pour la temp\u00e9rature du canal.<\/li>\n<\/ul>\n\n\n\n<p>Garantissez des performances et une efficacit\u00e9 optimales avec le syst\u00e8me de commande ERX-WM-FM2 pour la commande conjointe de deux rideaux d&#8217;air compacts avec chauffage de l&#8217;eau. Contactez-nous pour des solutions personnalis\u00e9es qui r\u00e9pondent \u00e0 vos besoins sp\u00e9cifiques.<\/p>\n","protected":false},"excerpt":{"rendered":"Pour contr\u00f4ler 2 rideaux d&#8217;air compacts chauff\u00e9s \u00e0 l&#8217;eau, tels que le Compact 400.","protected":false},"featured_media":15863,"menu_order":27,"template":"","class_list":["post-15862","accessory","type-accessory","status-publish","has-post-thumbnail","hentry"],"acf":[],"_links":{"self":[{"href":"https:\/\/www.masterveil-eu.com\/fr\/wp-json\/wp\/v2\/accessory\/15862","targetHints":{"allow":["GET"]}}],"collection":[{"href":"https:\/\/www.masterveil-eu.com\/fr\/wp-json\/wp\/v2\/accessory"}],"about":[{"href":"https:\/\/www.masterveil-eu.com\/fr\/wp-json\/wp\/v2\/types\/accessory"}],"version-history":[{"count":5,"href":"https:\/\/www.masterveil-eu.com\/fr\/wp-json\/wp\/v2\/accessory\/15862\/revisions"}],"predecessor-version":[{"id":17898,"href":"https:\/\/www.masterveil-eu.com\/fr\/wp-json\/wp\/v2\/accessory\/15862\/revisions\/17898"}],"wp:featuredmedia":[{"embeddable":true,"href":"https:\/\/www.masterveil-eu.com\/fr\/wp-json\/wp\/v2\/media\/15863"}],"wp:attachment":[{"href":"https:\/\/www.masterveil-eu.com\/fr\/wp-json\/wp\/v2\/media?parent=15862"}],"curies":[{"name":"wp","href":"https:\/\/api.w.org\/{rel}","templated":true}]}}

<h3 class='g-block g-heading'>Caractéristiques principales</h3>


<ul class="wp-block-list">
<li><strong>Réglage progressif :</strong> permet d&#8217;ajuster en continu les vitesses élévées et basses.</li>



<li><strong>Démarrage automatique de la grande vitesse :</strong> la grande vitesse est activée par un signal du contact de porte lorsque la porte s&#8217;ouvre.</li>



<li><strong>Contrôle de la température :</strong> utilise un capteur de température extérieure pour réguler la vitesse élevée.</li>



<li><strong>Capteurs de température :</strong> comprend des capteurs de température intérieure pour la chaleur d&#8217;entretien lorsque la porte est fermée.</li>



<li><strong>Températures individuelles de jour et de nuit :</strong> permet de régler les températures individuelles de jour et de nuit.</li>



<li><strong>Délais</strong> <strong>:</strong> propose des délais pour les vitesses élevées et basses.</li>



<li><strong>Mesure et contrôle de la température de l&#8217;eau : </strong>permet de mesurer la température de l&#8217;eau et de contrôler la température de l&#8217;eau de retour lors de l&#8217;utilisation d&#8217;une vanne modulante.</li>



<li><strong>Point de consigne de la température du canal : </strong>réglable pour la température du canal.</li>
</ul>



<p>Garantissez des performances et une efficacité optimales avec le système de commande ERX-WM-FM2 pour la commande conjointe de deux rideaux d&#8217;air compacts avec chauffage de l&#8217;eau. Contactez-nous pour des solutions personnalisées qui répondent à vos besoins spécifiques.</p>

Pour contrôler 2 rideaux d&#8217;air compacts chauffés à l&#8217;eau, tels que le Compact 400.
