{"id":16078,"date":"2024-02-27T13:45:29","date_gmt":"2024-02-27T11:45:29","guid":{"rendered":"https:\/\/www.masterveil-eu.com\/air-curtains\/compact-400\/"},"modified":"2025-04-25T14:05:15","modified_gmt":"2025-04-25T12:05:15","slug":"compact-400","status":"publish","type":"product","link":"https:\/\/www.masterveil-eu.com\/fr\/rideaux-dair\/compact-400\/","title":{"rendered":"Rideaux d&#8217;air COMPACT 400"},"content":{"rendered":"<h2 class='g-block g-heading'>Informations sur le produit<\/h2>\n\n<h3 class='g-block g-heading'>Technologie d&#039;arr\u00eat d&#039;air pour une int\u00e9gration transparente et des options de connexion polyvalentes<\/h3>\n\n\n<p>\u00c9quip\u00e9 de notre embout unique Airstop avec technologie de jet de lame, le COMPACT 400 offre une efficacit\u00e9 sup\u00e9rieure \u00e0 celle des rideaux d&#8217;air traditionnels. Avec un embout allong\u00e9, les rideaux s&#8217;int\u00e8grent parfaitement au plafond ou au mur. Pour les rideaux verticaux, vous pouvez choisir un raccordement par le haut ou par le bas pour l&#8217;\u00e9lectricit\u00e9 et l&#8217;eau. Les rideaux d&#8217;air horizontaux peuvent \u00eatre raccord\u00e9s \u00e0 gauche ou \u00e0 droite.<\/p>\n\n\n<h3 class='g-block g-heading'>Caract\u00e9ristiques<\/h3>\n\n\n<ul class=\"wp-block-list\">\n<li>Facilement personnalisable en fonction de pr\u00e9f\u00e9rences sp\u00e9cifiques.<\/li>\n\n\n\n<li>Ventilateurs radiaux puissants int\u00e9gr\u00e9s.<\/li>\n\n\n\n<li>Technologie de jet \u00e0 lames pour un contr\u00f4le efficace du flux d&#8217;air.<\/li>\n\n\n\n<li>Protection efficace contre le froid.<\/li>\n\n\n\n<li>Installation facile, \u00e0 la verticale ou en hauteur.<\/li>\n\n\n\n<li>Inclusion standard d&#8217;une batterie de chauffage.<\/li>\n\n\n\n<li>Longueur du rideau d&#8217;air r\u00e9glable de 2100 \u00e0 3000 mm.<\/li>\n\n\n\n<li>Pour des largeurs de porte d&#8217;environ 2,7 m\u00e8tres avec des rideaux d&#8217;air \u00e0 double soufflage lat\u00e9ral.<\/li>\n\n\n\n<li>Convient pour des hauteurs de porte allant jusqu&#8217;\u00e0 environ 3 m\u00e8tres pour une installation horizontale.<\/li>\n\n\n\n<li>Disponible dans toutes les couleurs RAL ou en acier inoxydable.<\/li>\n<\/ul>\n\n\n<h3 class='g-block g-heading'>Donn\u00e9es techniques<\/h3>\n\n\n<figure class=\"wp-block-table\"><table><thead><tr><th><\/th><th><strong>\n  <strong>\n    <strong>COMPACT 400<\/strong>\n  <\/strong>\n<\/strong>-4.14<\/th><th>COMPACT 400-5.14<\/th><\/tr><\/thead><tbody><tr><td><strong>Type d&#8217;installation<\/strong><\/td><td>Horizontal \/ Vertical<\/td><td>Horizontal \/ Vertical<\/td><\/tr><tr><td><strong>Hauteur de porte maximale<\/strong> Rideau d&#8217;air OL (*)<\/td><td>3 m\u00e8tres<\/td><td>3 m\u00e8tres<\/td><\/tr><tr><td><strong>Largeur maximale de la porte<\/strong> Rideaux d&#8217;air DD (*)<\/td><td>2,7 m\u00e8tres<\/td><td>2,7 m\u00e8tres<\/td><\/tr><tr><td><strong>Couleur standard<\/strong><\/td><td>RAL 9010<\/td><td>RAL 9010<\/td><\/tr><tr><td><strong>Longueur<\/strong> rideau d&#8217;air OL (**)<\/td><td>Largeur de la porte + env. 100mm<\/td><td>Largeur de la porte + env. 100mm<\/td><\/tr><tr><td><strong>Longueur<\/strong> rideaux d&#8217;air DD (**)<\/td><td>Hauteur de la porte + env. 50 mm<\/td><td>Hauteur de la porte + env. 50 mm<\/td><\/tr><tr><td><strong>Longueur<\/strong><\/td><td>2100mm-2500mm<\/td><td>2500mm-3000mm<\/td><\/tr><tr><td><strong>Diam\u00e8tre<\/strong><\/td><td>400mm<\/td><td>400mm<\/td><\/tr><tr><td><strong>D\u00e9bit d&#8217;air<\/strong><\/td><td>2500 m\u00b3\/h<\/td><td>3000 m\u00b3\/h<\/td><\/tr><tr><td><strong>Tension V<\/strong><\/td><td>230<\/td><td>230<\/td><\/tr><tr><td><strong>Puissance du moteur kW<\/strong><\/td><td>0,584<\/td><td>0,730<\/td><\/tr><tr><td><strong>Courant du moteur A<\/strong><\/td><td>4,56<\/td><td>5,7<\/td><\/tr><tr><td><strong>Fr\u00e9quence Hz<\/strong><\/td><td>50<\/td><td>50<\/td><\/tr><tr><td><strong>IP<\/strong><\/td><td>40<\/td><td>40<br><\/td><\/tr><\/tbody><tfoot><tr><td><\/td><td><\/td><td><\/td><\/tr><\/tfoot><\/table><figcaption class=\"wp-element-caption\">(*) La hauteur possible de la porte d\u00e9pend de sa largeur.<br>(**) Rideau d&#8217;air horizontal = <strong>OL<\/strong> et Rideau d&#8217;air double debout = <strong>DD<\/strong><\/figcaption><\/figure>\n","protected":false},"excerpt":{"rendered":"Choisissez COMPACT 400 pour un rideau d&#8217;air \u00e9l\u00e9gant et efficace qui peut \u00eatre adapt\u00e9 \u00e0 vos besoins sp\u00e9cifiques.","protected":false},"featured_media":16093,"menu_order":0,"template":"","meta":{"_acf_changed":false,"_seopress_robots_primary_cat":"none","_seopress_titles_title":"Masterveil COMPACT 400 : Rideau d'air \u00e9l\u00e9gant et efficace","_seopress_titles_desc":"Mettez en valeur votre entr\u00e9e avec COMPACT 400. Un rideau d'air \u00e9l\u00e9gant et efficace pour un contr\u00f4le optimal du climat et des \u00e9conomies d'\u00e9nergie.","_seopress_robots_index":"","_relevanssi_hide_post":"","_relevanssi_hide_content":"","_relevanssi_pin_for_all":"","_relevanssi_pin_keywords":"","_relevanssi_unpin_keywords":"","_relevanssi_related_keywords":"","_relevanssi_related_include_ids":"","_relevanssi_related_exclude_ids":"","_relevanssi_related_no_append":"","_relevanssi_related_not_related":"","_relevanssi_related_posts":"","_relevanssi_noindex_reason":"","footnotes":""},"product_category":[221],"class_list":["post-16078","product","type-product","status-publish","has-post-thumbnail","hentry","product_category-entrees"],"acf":[],"_links":{"self":[{"href":"https:\/\/www.masterveil-eu.com\/fr\/wp-json\/wp\/v2\/product\/16078","targetHints":{"allow":["GET"]}}],"collection":[{"href":"https:\/\/www.masterveil-eu.com\/fr\/wp-json\/wp\/v2\/product"}],"about":[{"href":"https:\/\/www.masterveil-eu.com\/fr\/wp-json\/wp\/v2\/types\/product"}],"version-history":[{"count":5,"href":"https:\/\/www.masterveil-eu.com\/fr\/wp-json\/wp\/v2\/product\/16078\/revisions"}],"predecessor-version":[{"id":37026,"href":"https:\/\/www.masterveil-eu.com\/fr\/wp-json\/wp\/v2\/product\/16078\/revisions\/37026"}],"wp:featuredmedia":[{"embeddable":true,"href":"https:\/\/www.masterveil-eu.com\/fr\/wp-json\/wp\/v2\/media\/16093"}],"wp:attachment":[{"href":"https:\/\/www.masterveil-eu.com\/fr\/wp-json\/wp\/v2\/media?parent=16078"}],"wp:term":[{"taxonomy":"product_category","embeddable":true,"href":"https:\/\/www.masterveil-eu.com\/fr\/wp-json\/wp\/v2\/product_category?post=16078"}],"curies":[{"name":"wp","href":"https:\/\/api.w.org\/{rel}","templated":true}]}}

<h2 class='g-block g-heading'>Informations sur le produit</h2>

<h3 class='g-block g-heading'>Technologie d&#039;arrêt d&#039;air pour une intégration transparente et des options de connexion polyvalentes</h3>


<p>Équipé de notre embout unique Airstop avec technologie de jet de lame, le COMPACT 400 offre une efficacité supérieure à celle des rideaux d&#8217;air traditionnels. Avec un embout allongé, les rideaux s&#8217;intègrent parfaitement au plafond ou au mur. Pour les rideaux verticaux, vous pouvez choisir un raccordement par le haut ou par le bas pour l&#8217;électricité et l&#8217;eau. Les rideaux d&#8217;air horizontaux peuvent être raccordés à gauche ou à droite.</p>


<h3 class='g-block g-heading'>Caractéristiques</h3>


<ul class="wp-block-list">
<li>Facilement personnalisable en fonction de préférences spécifiques.</li>



<li>Ventilateurs radiaux puissants intégrés.</li>



<li>Technologie de jet à lames pour un contrôle efficace du flux d&#8217;air.</li>



<li>Protection efficace contre le froid.</li>



<li>Installation facile, à la verticale ou en hauteur.</li>



<li>Inclusion standard d&#8217;une batterie de chauffage.</li>



<li>Longueur du rideau d&#8217;air réglable de 2100 à 3000 mm.</li>



<li>Pour des largeurs de porte d&#8217;environ 2,7 mètres avec des rideaux d&#8217;air à double soufflage latéral.</li>



<li>Convient pour des hauteurs de porte allant jusqu&#8217;à environ 3 mètres pour une installation horizontale.</li>



<li>Disponible dans toutes les couleurs RAL ou en acier inoxydable.</li>
</ul>


<h3 class='g-block g-heading'>Données techniques</h3>


<figure class="wp-block-table"><table><thead><tr><th></th><th><strong>
  <strong>
    <strong>COMPACT 400</strong>
  </strong>
</strong>-4.14</th><th>COMPACT 400-5.14</th></tr></thead><tbody><tr><td><strong>Type d&#8217;installation</strong></td><td>Horizontal / Vertical</td><td>Horizontal / Vertical</td></tr><tr><td><strong>Hauteur de porte maximale</strong> Rideau d&#8217;air OL (*)</td><td>3 mètres</td><td>3 mètres</td></tr><tr><td><strong>Largeur maximale de la porte</strong> Rideaux d&#8217;air DD (*)</td><td>2,7 mètres</td><td>2,7 mètres</td></tr><tr><td><strong>Couleur standard</strong></td><td>RAL 9010</td><td>RAL 9010</td></tr><tr><td><strong>Longueur</strong> rideau d&#8217;air OL (**)</td><td>Largeur de la porte + env. 100mm</td><td>Largeur de la porte + env. 100mm</td></tr><tr><td><strong>Longueur</strong> rideaux d&#8217;air DD (**)</td><td>Hauteur de la porte + env. 50 mm</td><td>Hauteur de la porte + env. 50 mm</td></tr><tr><td><strong>Longueur</strong></td><td>2100mm-2500mm</td><td>2500mm-3000mm</td></tr><tr><td><strong>Diamètre</strong></td><td>400mm</td><td>400mm</td></tr><tr><td><strong>Débit d&#8217;air</strong></td><td>2500 m³/h</td><td>3000 m³/h</td></tr><tr><td><strong>Tension V</strong></td><td>230</td><td>230</td></tr><tr><td><strong>Puissance du moteur kW</strong></td><td>0,584</td><td>0,730</td></tr><tr><td><strong>Courant du moteur A</strong></td><td>4,56</td><td>5,7</td></tr><tr><td><strong>Fréquence Hz</strong></td><td>50</td><td>50</td></tr><tr><td><strong>IP</strong></td><td>40</td><td>40<br></td></tr></tbody><tfoot><tr><td></td><td></td><td></td></tr></tfoot></table><figcaption class="wp-element-caption">(*) La hauteur possible de la porte dépend de sa largeur.<br>(**) Rideau d&#8217;air horizontal = <strong>OL</strong> et Rideau d&#8217;air double debout = <strong>DD</strong></figcaption></figure>

Choisissez COMPACT 400 pour un rideau d&#8217;air élégant et efficace qui peut être adapté à vos besoins spécifiques.

Masterveil COMPACT 400 : Rideau d'air élégant et efficace

Mettez en valeur votre entrée avec COMPACT 400. Un rideau d'air élégant et efficace pour un contrôle optimal du climat et des économies d'énergie.
